 -6 + 212. Suppose 0 = 13*q - m - 1029. Calculate the remainder when q is divided by d.
15
Suppose 38*g + 26*g = 9*g + 4510. Suppose -k + 2*v + 22 = 0, v + 12 - 31 = -2*k. What is the remainder when g is divided by k?
10
Suppose 5*o = -265 - 230. Let t = -95 - o. Calculate the remainder when 13 is divided by t.
1
Suppose y - 2*y = -97. Suppose -5*q - 2*j + 248 = 0, 4*j + y + 157 = 5*q. Calculate the remainder when q is divided by (13/(-2))/((-4)/8).
11
Calculate the remainder when (-1 - (1 + -181)) + 1 is divided by 31 + (-2720)/88 + 284/22.
11
Calculate the remainder when 521 is divided by (-27)/4 + 4 - (-7)/(-28) - -156.
62
Let i = 7 + 16. Let x(t) = t**3 + 9*t**2 + 7*t + 7. Let a be x(-6). Suppose 37 = 3*y + f, 5*y + 4*f - 8*f = a. What is the remainder when i is divided by y?
10
Suppose -167 = -7*i + 2*i + t, t = -2*i + 71. Let v(q) = q**3 + 11*q**2 + 7*q - 5. Calculate the remainder when v(-8) is divided by i.
29
Suppose 12*g = -10*g - 7*g + 33727. Calculate the remainder when g is divided by 577.
9
Let v(w) = -56*w - 132. Calculate the remainder when v(-8) is divided by 85.
61
Suppose -99*a + 17373 - 6074 = -13352. What is the remainder when a is divided by 114?
21
Let r = -72 - -89. Suppose -2 + r = 5*f. Suppose 0 = -3*b - f, m + b + 3*b - 44 = 0. What is the remainder when 190 is divided by m?
46
Let o = -108 - -107. Let n be o/((-278)/140 + 2). Let c = n + 105. What is the remainder when c is divided by 18?
17
Let q(m) = m - 3. Let i be q(5). Suppose i*j + 2 = 22. Suppose f = -f + j. Calculate the remainder when 9 is divided by f.
4
Suppose 0 = 4*q + 2*g - 665 + 545, q = 3*g + 9. Calculate the remainder when 104 is divided by q.
23
Let f be 0 + -1 + 0 + 3. Let b(d) = -2*d**2 + d**3 - 10*d**2 - 6*d**2 - 8 + 19*d - d**f. What is the remainder when 48 is divided by b(18)?
8
What is the remainder when 348 is divided by (1 - 12/10)/(6*(-9)/2970)?
7
Let j(l) = -l**3 - 14*l**2 + 17*l + 34. Calculate the remainder when j(-16) is divided by 163.
111
Let t = -2 + 5. Let w(y) = y**2 - 6 + 18 - 9 + 3*y**3 - 2*y - 3*y. Calculate the remainder when w(t) is divided by 20.
18
Suppose -5*j + 14 = 9*j. Let i(q) = 55*q**3 + 2*q**2 + 3*q - 4. What is the remainder when i(1) is divided by (95/(-10))/(j/(-2))?
18
Let p(z) = -4*z - 28. Let w be p(-6). What is the remainder when ((-54)/(-2))/1 + -2 is divided by (20 + -18)/(w/(-26))?
12
Suppose 0 = 2*v + 3*v - 2*k - 10, -4*v - 3*k = 15. Suppose 2*o - 4 = v, -7*c = -9*c - 2*o + 54. What is the remainder when 47 is divided by c?
22
Let d(c) = -102*c + 17. Suppose 5*z - 3*r - 29 = r, -4*z + 2*r + 28 = 0. Calculate the remainder when d(0) is divided by z.
8
Let p(b) = b**3 + 3*b**2 - 25*b - 3. Let j be p(-5). Let m = -36 + j. Calculate the remainder when 107 is divided by m.
35
Let r(p) = -4*p - 5*p**2 + 2*p**3 + p - 3*p**2 + 1. Suppose 28*l + i = 26*l + 13, 3*l - 30 = -5*i. Calculate the remainder when r(l) is divided by 13.
10
Let y(k) = 11*k**2 + 10*k + 11. Let a be y(-4). Let d = a + -128. Calculate the remainder when 110 is divided by d.
15
Suppose 4*l = j + 5, -5*j = 5*l + 30 - 5. Suppose 21*a - 16*a + 90 = l. Calculate the remainder when (-1822)/a + 12/(-54) is divided by 26.
23
Suppose 5*n + 6*o - 1891 = 4*o, 2 = -o. What is the remainder when n is divided by 78?
67
Let w(o) = 243*o**3 - 5*o**2 + 7*o - 4. Let n(p) = 121*p**3 - 3*p**2 + 4*p - 2. Let a(k) = -5*n(k) + 3*w(k). Calculate the remainder when a(1) is divided by 9.
6
Let z be (-325)/(-26)*504/10. Calculate the remainder when 328 is divided by z/9 + 2 + -6.
64
Let c = -118 - -144. Let f = -588 + 625. What is the remainder when f is divided by c?
11
Let l = -5339 + 7143. What is the remainder when l is divided by 19?
18
Suppose 15 = 4*n - 89. Let f = -326112 + 326207. Calculate the remainder when f is divided by n.
17
Let r(h) = h**3 + 14*h**2 + 23*h - 8. Suppose 4*z = -y + 64, 2*y - 161 = z - 24. What is the remainder when y is divided by r(-12)?
0
Suppose 326*i - 318*i = 64. Suppose 0 = -16*y + i*y + 416. Let f = -6 - -12. What is the remainder when y is divided by f?
4
Suppose -7*o = -m - 2*o + 163, -4*m - o + 610 = 0. Let b = m - 121. What is the remainder when 58 is divided by b?
26
Let v be (-2231)/(-97) - (-14)/2. What is the remainder when 4/3 - (-12 + (-710)/v) is divided by 2/3 + 22/3?
5
Calculate the remainder when (1 + -7)/((-30)/80*(-20)/(-8465)) is divided by 56.
52
Let c(h) = h**3 - 6*h**2 + 3*h + 6. Let o be 5 - (-328)/(-16)*10. Calculate the remainder when (-7650)/o - 2/8 is divided by c(6).
14
Suppose 3*m = -m + 76. Suppose -28*n + m*n = -882. What is the remainder when n is divided by 11?
10
Let v be ((-4)/3)/(125/(-60) + 2). Suppose 0 = -v*g + 28*g - 444. Calculate the remainder when 219 is divided by g.
34
Let u = 15 - -4. Calculate the remainder when ((-18 - -11)/14)/(1 + (-147)/146) is divided by u.
16
Let t = 644 - 570. Calculate the remainder when 360 is divided by t.
64
Suppose -419 - 834 = -100*k + 47. Let o = 9 - 5. Let q = o + 20. What is the remainder when q is divided by k?
11
Let c(b) = 386*b - 1140. Let n be (-1 + 0)/((-1)/6). Calculate the remainder when c(3) is divided by (20/n)/(2/3).
3
What is the remainder when 384 is divided by 51 + (-40)/24*-6?
18
Suppose 11*l + 81*l + 250867 = 805075. What is the remainder when l is divided by 25?
24
Suppose 5*a - 488*t - 547 = -489*t, t = 2. Suppose 2*w + 2 = 36. What is the remainder when a is divided by w?
7
Suppose -246 = 35*x - 946. What is the remainder when 202 is divided by x?
2
Let h = -1858 - -1991. What is the remainder when 1195 is divided by h?
131
Suppose -1365 + 195 = -9*b. Calculate the remainder when b is divided by 75.
55
Suppose 0 = 89*i - 42*i - 32571. Calculate the remainder when i is divided by 27.
18
Suppose 5*i + 2*x - 198 = x, 4*x = -8. Suppose -2*a + 41 = -2*f + 3*a, 0 = f + 2*a - 2. Let g = 7 - f. What is the remainder when i is divided by g?
10
Let y(a) = -a**3 + 7*a**2 + 3*a + 1. Let n be y(7). Let c = n - 3. Suppose 0 = 21*r - 17*r - 40. What is the remainder when c is divided by r?
9
Let k be -1 - (-1)/(-1)*(-5 - 0). Suppose 86 = -3*v + k*v. Suppose 0 = 2*y - 4*j - 40, -2*y - 3*j + 37 = -4*j. Calculate the remainder when v is divided by y.
14
Let w(k) = -7*k**2 + 214*k - 94. Suppose -2*h = 3*h - 470. Calculate the remainder when h is divided by w(30).
16
Let q = 7730 + -7304. What is the remainder when q is divided by 30?
6
Suppose -3*g - 6 = -4*g. Let b(l) = -l**3 + 5*l**2 + 7*l + 12. Let o be b(g). What is the remainder when 144 is divided by (42/(-9))/((-4)/o)?
18
Let y = 7425 + -3630. What is the remainder when y is divided by 19?
14
Let v(a) = -a**2 - 59*a - 120. What is the remainder when 1806 is divided by v(-56)?
30
Suppose -32*c = -85*c - 152*c + 1845. Calculate the remainder when 327 is divided by c.
3
Suppose r - 5*w = 22, 3*w + 8 = -5*r + 3*r. Suppose 3*x - r*g = -3*g + 76, 4*x - 5*g = 95. Calculate the remainder when x is divided by 9.
7
Suppose -427*u - 147 = -430*u. Calculate the remainder when 181 is divided by 98/4*(-8 + 476/u).
13
Let r(c) = 123*c**2 + 855*c + 8688. What is the remainder when r(-10) is divided by 17?
11
Let z(p) = -p**2 + 5*p + 12. Let a be z(5). Suppose a*r = 3*r + 288. What is the remainder when 126 is divided by r?
30
Let r = -27 - -23. Calculate the remainder when (r/12*(-1950)/5)/1 is divided by 40.
10
Let k(a) = -4*a**2 - 6*a + 119. Let i(t) = t**2 + 2*t - 59. Let z(n) = -5*i(n) - 2*k(n). What is the remainder when z(-9) is divided by 32?
26
Let r(m) = -m**3 + 9*m**2 - 18*m + 44. Calculate the remainder when 170 is divided by r(7).
10
Let y(k) = -2*k**3 - 4*k**2 - 5*k - 3. Suppose s - 6*s - 5 = 0, 4*s = -3*p + 41. What is the remainder when ((-890)/25)/((-6)/p) is divided by y(-3)?
29
What is the remainder when (-154)/6*10452/(-938) is divided by 32?
30
Suppose -a + 3*f + 11 = 0, 7*a - 152 = -3*f + 45. Calculate the remainder when 3613 is divided by a.
25
Suppose 8*q - 27635 = -23811. What is the remainder when q is divided by 87?
43
Let v(r) = 153*r - 911. What is the remainder when v(7) is divided by 46?
22
Let x(v) = 13*v**2 + 116*v - 531. What is the remainder when x(5) is divided by 52?
10
Let x = 74 + 170. Suppose 5*u - 79 = -4*q, -6*u + 220 - 37 = -5*q. Calculate the remainder when x is divid